3. Let u = 3 + l. Let g be u/14 - (-632)/56. What is the greatest common divisor of 33 and g?
11
Suppose 0*c + 5*c - 65 = 0. Suppose -2*v + i + 107 = 4*i, -263 = -5*v - 3*i. Calculate the greatest common divisor of c and v.
13
Let l = -17 + 21. Suppose -l*o + 26 = -58. Let z(b) = b**3 + 10*b**2 + 14. Let w be z(-10). What is the highest common divisor of w and o?
7
Let f be (12/18*3)/(2/2). Suppose -f*v = j + 3*v - 11, -3*j + 15 = -3*v. What is the highest common divisor of 18 and j?
6
Let l(s) = 6*s**2 + 16*s - 45. Let i be l(4). What is the greatest common factor of 138 and i?
23
Let p be 39/(-26) - (-948)/8. What is the highest common factor of p and 65?
13
Let d(c) = -18*c + 392. Let v be d(16). What is the greatest common factor of 136 and v?
8
Let x(z) = 3*z**2 - 2*z + z - 2*z**2 - 5 + 3. Let r be x(-2). Suppose 12 = -r*u, -6*t = -t + 4*u - 248. Calculate the highest common divisor of 13 and t.
13
Let p be (-6735)/(-120) - (-3)/(-24). What is the greatest common factor of 56 and p?
56
Suppose -12*z + 24 = -15*z. Let q = 50 + z. What is the greatest common factor of 6 and q?
6
Let b be (-33 + 5)*(-6)/8. Let h(y) = -12 + 2*y - 14 + b. Let w be h(3). Calculate the highest common factor of 7 and w.
1
Let i = 324 + -204. Suppose q = 16*q - i. Calculate the highest common divisor of 8 and q.
8
Suppose 0*u = 5*u + 20. Let o(m) = -m**3 - 3*m**2 + 5*m + 6. Let k be o(u). Let q(h) = h**2 + 1. Let n be q(k). What is the greatest common divisor of 25 and n?
5
Let q(o) = -9*o - 338. Let c be q(-40). Suppose 96 = k - 58. What is the greatest common factor of k and c?
22
Suppose -5*c + 438 = -3*f, 2*c - 347 = -2*c - f. What is the greatest common divisor of c and 116?
29
Suppose -5*q + 456 = 4*v, 0*q + 537 = 5*v - 2*q. Let z = v + -53. Calculate the greatest common divisor of z and 16.
8
Let d = 27 + -37. Let t(q) = q**3 + 8*q**2 - 21*q + 8. Let h be t(d). Calculate the highest common factor of 3 and h.
3
Let j(s) = -97*s + 18. Let i be j(-6). Suppose 11*b - i = 8*b. Calculate the greatest common divisor of b and 40.
40
Let p be (2 - (-3 + 5))*-1. Suppose p = 2*t - 0*t + 26. Let z = t - -22. Calculate the highest common factor of 18 and z.
9
Let z = 3267 + -2600. What is the highest common factor of z and 92?
23
Let p(s) = s**3 - 20*s**2 - 23*s + 32. Let b be p(21). Let u be 27 - (38/(-14) + b/35). What is the greatest common factor of 6 and u?
6
Let a be (-2)/(-5)*5 + 3. Suppose -4*s - a*b = -2*b - 540, -2*s - 4*b = -270. Suppose 0*t - 5*t = -s. What is the highest common factor of 108 and t?
27
Let s(l) = 7*l + 107. Let u be s(-15). Let i be 21 - (-1 + 1 - -1). Calculate the greatest common divisor of u and i.
2
Suppose 2*a - 4*z = 112, 0 = -4*a - 2*z + 225 - 21. What is the highest common divisor of a and 481?
13
Let z(u) = 2*u + 5 + 8*u + 0*u + 9*u**2 - u**3. Let k be z(10). Let c be 1 + 1 - (k + -4). Calculate the greatest common divisor of c and 11.
1
Suppose 200 = 8*m - 520. What is the highest common divisor of m and 72?
18
Let q = -59 - 0. Let v = q + 105. Let y be 1*4*69/12. Calculate the highest common factor of y and v.
23
Let i be 74 + 0 + (-16 - -9). Calculate the greatest common factor of i and 2613.
67
Let v(c) = 11*c + 166. Let g be v(-8). What is the highest common factor of 54 and g?
6
Suppose 126 = -129*g + 130*g. What is the highest common factor of 63 and g?
63
Let x = 398 - 281. Suppose q = 2*d - d + 5, 4*q + 4*d - 52 = 0. Calculate the greatest common factor of q and x.
9
Let v be 1782/132 + (-2)/(-4). Calculate the highest common divisor of v and 98.
14
Suppose -2255 + 473 = -2*o. What is the highest common factor of 33 and o?
33
Let g be 5*-21*(-6)/15. Suppose -28 = -3*i + 4*p, -6*i + 4*p + 44 = -2*i. Let d be (-8)/6 + (-2)/3 + i. Calculate the greatest common factor of d and g.
14
Suppose r = -5*s + 176, 0 = 5*r - r - 4*s - 680. Calculate the highest common divisor of r and 76.
19
Let a(v) = -v**3 + 4*v**2 + 6*v + 1. Let x be a(5). Suppose -x*c + c + 100 = 0. Calculate the highest common divisor of c and 20.
20
Let f be -6 - 24/(-18)*(-195)/(-10). Calculate the greatest common divisor of f and 34.
2
Let y(f) = -24*f - 44. Let x be y(-4). What is the highest common divisor of x and 8?
4
Let x(w) = -559*w**3 - w**2 - 5*w - 2. Let y be x(-1). Calculate the highest common factor of y and 22.
11
Suppose -5*q = -5*a + 55, -3*a - 57 = -6*a - 3*q. Suppose 3*v - 252 = -a*v. What is the highest common divisor of 21 and v?
7
Let o(z) = z + 2. Let y be o(0). Let b be 128/12*6/4. Calculate the greatest common divisor of y and b.
2
Let y = -1187 + 1199. Calculate the greatest common factor of 1572 and y.
12
Suppose 5*v - l - 45 = 0, l + 19 + 10 = 3*v. Calculate the greatest common factor of v and 712.
8
Suppose -105 = -4*t + 203. Suppose 14 = 2*m - 4*h, 4*m = 66*h - 68*h + 28. What is the highest common factor of m and t?
7
Suppose -5*w = g + 43 + 120, -2*w = g + 64. Let t be (63/(-14))/(w/(-18) + -2). What is the greatest common divisor of t and 216?
27
Let x be (-52)/((-7)/28 + (-3)/12). Calculate the highest common factor of 130 and x.
26
Let z(n) = n**3 - 9*n**2 + 16*n - 61. Let j be z(8). What is the greatest common divisor of j and 2?
1
Let f = -8 + 11. Suppose 67 = f*l + 13. Let s(t) = -t**2 + 14*t + 21. Let v be s(15). What is the highest common factor of l and v?
6
Let i = -659 - -2100. Calculate the greatest common divisor of 11 and i.
11
Suppose -6 = 4*p + 10, 620 = 5*a + 5*p. Calculate the greatest common factor of 672 and a.
32
Suppose 4*h - 2*v - 40 = 0, 0 = h + 2*v - 6*v - 24. What is the greatest common divisor of 720 and h?
8
Suppose -2*s = 4*c - 2, -2*c + 3 = 3*s - c. Let n be (92/10)/(s/((-15)/(-6))). What is the highest common divisor of 253 and n?
23
Suppose 5 = 7*f - 2*f. Suppose 3*w - 21 = 3*g, -g - f = -w + 3*g. Calculate the greatest common factor of w and 45.
9
Suppose 245 = p - 2*l - l, 5*p - 4*l = 1170. Suppose 3*o + p = 2*b, 0 = -5*b + o + 3*o + 575. Calculate the greatest common divisor of b and 23.
23
Let p be (-1815)/(-75) - (-1)/(-5). Suppose -4*x + 33 = -15. Suppose 3*i - x = 168. Calculate the greatest common divisor of i and p.
12
Let g = 254 + -246. What is the greatest common divisor of g and 2?
2
Let p = 5339 - 5309. Let i be 60/(-9)*(-3)/2. Calculate the greatest common factor of i and p.
10
Let r(y) = 8*y**2 - 5*y + 6. Let n be r(1). Suppose -n*d - 5 = -59. What is the greatest common divisor of d and 24?
6
Let t = 8269 - 8251. Let o(d) = 14*d**2 - 2*d + 2. Let z be o(2). What is the greatest common factor of t and z?
18
Suppose 10*i - 741 = -9*i. Calculate the greatest common divisor of i and 3393.
39
Let g be (-314)/(-4) + (-31)/62 - 2. Calculate the greatest common divisor of 57 and g.
19
Let t(g) = 1048*g**2 - 3*g + 3. Let u be t(1). Suppose 7*p + 117 - u = 0. Calculate the highest common divisor of p and 19.
19
Suppose -2*q - 268 = -4*t + 3*q, -5*t + 344 = -4*q. Calculate the highest common factor of t and 126.
18
Let l = 60 + -56. Suppose 0 = 3*y + y - 40. Suppose 2*j + 22 = 4*u, u = 2*j - 0*j + y. What is the greatest common factor of l and u?
4
Suppose 2*a = 13*a. Suppose 40 = 5*r + 4*o, 2*r + 5*o - 3*o - 14 = a. What is the greatest common factor of 8 and r?
4
Suppose 0 = -2*y - 5*p - 19, 0 = y - 3*p - 8 - 10. Let w be (-6)/((-18)/y) + (1 - -28). What is the highest common factor of w and 45?
15
Let i = -15 + 19. Suppose 3 = v, c = 3*c + i*v - 124. Calculate the greatest common divisor of c and 8.
8
Suppose -k = 7 - 4, -5*k - 607 = -4*b. Calculate the greatest common factor of 4 and b.
4
Let k = -58 + 80. Suppose 0*g + g = 462. Suppose g = 4*q - q. What is the highest common divisor of q and k?
22
Let z = -1 - -17. Calculate the highest common divisor of z and 416.
16
Let w(d) = -15*d + 171. Let c be w(-11). Calculate the highest common factor of 192 and c.
48
Suppose -7*p + 11 = 4. Let r be (0 - -3)/(0 + 1). Calculate the greatest common factor of r and p.
1
Suppose 5*i + 3*h + 107 = 547, -3*i = 4*h - 264. Suppose 9*v + 16 = 8*v. Let u = 27 + v. Calculate the greatest common divisor of i and u.
11
Let o = 507 - 92. What is the highest common factor of o and 83?
83
Suppose 0 = 83*p - 84*p + 5614. Calculate the greatest common factor of p and 14.
14
Let f = 98 + -70. Let q(b) = -b**3 - 